. Let n = -109 - -221. What is the greatest common divisor of d and n?
14
Let i = 15 + 3. Suppose 2 = p - 0. What is the highest common factor of p and i?
2
Suppose 0 = 6*q - 0*q - 6. Calculate the highest common divisor of q and 5.
1
Let v be 1230/9 - (-2)/(-3). Let i(q) = -13*q - 22. Let r be i(-3). Calculate the greatest common factor of r and v.
17
Suppose 3*c - 42 = 21. What is the highest common divisor of c and 105?
21
Suppose 2*s + 2*s + 56 = 0. Let p = s + 20. Let m(k) = 3*k**2 - 3*k + 1. Let g be m(p). What is the highest common factor of g and 13?
13
Suppose -w + 2*z - 3 = 1, -5*z + 10 = w. Let q(s) = s**3 + s**2 + 13. Let p be q(w). Let m = 342 + -199. Calculate the greatest common divisor of p and m.
13
Let r be -2 + 1 + 28/4. Let v be ((-100)/r + 2)*-3. Suppose -3*w + 4 = -v. What is the highest common divisor of 2 and w?
2
Let l = -7 + 7. Suppose -f - 3*f + 36 = l. Calculate the greatest common divisor of f and 27.
9
Let w(n) = -2 - 3 + 2 + 2*n + 6. Let t be w(6). Calculate the greatest common factor of 45 and t.
15
Let f(l) = l**3 - 7*l**2 + l - 3. Let h be f(7). What is the greatest common factor of h and 4?
4
Let z = -10 - -110. Calculate the highest common divisor of 150 and z.
50
Suppose -3*i = 3*r - 567, 2*r - 941 = -5*i - r. What is the greatest common factor of i and 17?
17
Let p(q) = -q**3 - 4*q**2 + 6*q + 7. Let h be p(-5). Let c = -11 - -11. Let b = c + h. Calculate the greatest common divisor of 1 and b.
1
Let r = -143 + 251. Let q(u) = u**2 + 3. Let p be q(-3). Calculate the greatest common factor of p and r.
12
Let o(l) = 2*l**2 + 10*l + 3. Let p be o(-5). Calculate the highest common factor of 24 and p.
3
Let t(d) = 2*d + 1. Let j be t(5). Suppose -2*g + j = -93. Calculate the highest common factor of g and 130.
26
Suppose -4*j - j + 20 = 0. Suppose -50 = -t - j*t. What is the highest common divisor of 5 and t?
5
Let f(a) = 15*a**3 + 2*a**2 - a. Let o be f(1). Suppose -2*d + 5*d = 6. Let h be (4 - 0)/(d/8). Calculate the greatest common divisor of h and o.
16
Suppose 24 = 5*o - 4*o. Calculate the highest common divisor of o and 168.
24
Let x be (-1 - (-2 - 0))*80. Calculate the highest common factor of 10 and x.
10
Let v = -8 - -5. Let o be 0 - (17 + -3)*v. Suppose i - 253 = -4*d - 0*i, 4*d + 3*i - 255 = 0. Calculate the greatest common divisor of d and o.
21
Suppose 3*x + 44 + 1 = 4*m, -5*m = -x - 59. Calculate the greatest common divisor of m and 60.
12
Let b be ((-16)/20)/((-2)/265). Let k = b + -7. Suppose 2*z - 23 = -1. What is the greatest common divisor of z and k?
11
Suppose -27 + 6 = -3*h. Calculate the highest common divisor of 21 and h.
7
Let j(f) = f**2 + 8*f + 9. Let i(o) = -o**2 - o - 1. Let r be i(-3). Let a be j(r). Let p = 7 - -1. Calculate the highest common divisor of p and a.
2
Let n(w) = 2*w**2 - 2*w - 2. Let c be n(2). Calculate the greatest common factor of 2 and c.
2
Suppose 2*b - 9*b = -14. Calculate the greatest common divisor of b and 1.
1
Let y(n) = n - 7. Let x be y(9). Suppose -x*o + 3*o = 3. What is the highest common divisor of 3 and o?
3
Suppose 2*d + 0*d = 20. Calculate the greatest common factor of 40 and d.
10
Suppose 5*v + 13 = -17. Let o be 4/3*9/v. Let d be 3/(o + -1) + 23. Calculate the greatest common factor of d and 11.
11
Suppose -w = 17*w - 198. Calculate the greatest common divisor of 253 and w.
11
Suppose -13 = -4*o + 5*i, -4 = -o - i + 3*i. Let z(c) = 11*c**3 - 3*c**2 + 2. Let r be z(o). Calculate the highest common divisor of 13 and r.
13
Let x be (-15)/6*4/(-10). Calculate the highest common divisor of x and 5.
1
Let n(l) = l**3 + 8*l**2 - l + 4. Suppose -2*b - 12 - 4 = 0. Let j be n(b). Let d be -1 - 31/(-1)*1. What is the highest common factor of j and d?
6
Let j = -115 + 166. Let b = j - -129. What is the greatest common factor of 18 and b?
18
Let b be -2 - (-4)/2 - -1. Suppose 2*k + 2*k - 10 = -2*i, -b = -i. Suppose k*t = 3*t - 13. What is the greatest common divisor of 13 and t?
13
Let k = -8 - -10. Suppose 0 = 2*w - 4*a + 252, -a + 228 = -k*w - 3*a. Let g be w/(-10) + 1/5. Calculate the greatest common factor of 30 and g.
6
Let z(h) = -2*h + 3 + h + 0. Let w be z(-5). Calculate the greatest common factor of w and 2.
2
Let w(l) = l**2 + 3*l - 16. Let o be w(-7). Calculate the greatest common divisor of 3 and o.
3
Suppose 4*f = -f + 325. Let l(d) = -3*d**3 - 2*d**2 + 3 - 5 + 3 + 2*d. Let n be l(-2). What is the highest common divisor of n and f?
13
Suppose -2*z = 5*w + 7, -3*z + 2*w + 0*w = -18. Let o = 16 + z. What is the greatest common factor of o and 120?
20
Let l(w) = 3*w**2 - 3*w + 2. Let n be l(3). Calculate the greatest common factor of n and 8.
4
Let y be (8 + (-168)/30)/(2/20). Calculate the highest common factor of y and 64.
8
Let v(w) = -w**3 - 6*w**2 - 9*w. Let l be v(-7). Suppose 0 = -0*x - 4*x + l. What is the greatest common factor of x and 308?
28
Suppose -5*r - 2*s = 3*s - 440, -4*r = -4*s - 376. Suppose 3*m = -31 + r. Suppose 6*h - 10*h + 40 = 0. Calculate the greatest common divisor of h and m.
10
Suppose -2*u + 8 = -2*y, 10 = 8*u - 3*u + 5*y. Let a be 0 + (1 - u) + -79. Let g = a + 181. What is the greatest common divisor of g and 10?
10
Let t be 93*(-10)/(-24) + 2/8. Calculate the highest common divisor of 26 and t.
13
Let t be 28/((-2 - -3)/3). What is the greatest common factor of t and 12?
12
Suppose 0 = -3*r - 11*r + 182. Calculate the highest common factor of 169 and r.
13
Suppose -2 + 12 = -5*f. Let k = f + 28. Calculate the highest common factor of 65 and k.
13
Let i = 15 - 11. Let n = -110 + 138. What is the highest common divisor of n and i?
4
Let a(m) = 17*m**2 + 4*m - 1. Let y be a(-3). Calculate the highest common factor of y and 14.
14
Let b be ((-48)/10)/(3/(-30)). Let t = 28 + -20. Calculate the greatest common factor of t and b.
8
Let r be (3 - 4)*(-220)/2. What is the greatest common factor of 10 and r?
10
Let m = 7 - -84. Suppose 13 = 2*b - 13. Calculate the highest common divisor of m and b.
13
Let o(w) = 4*w - 3. Let m be o(2). Let i = m - -9. Suppose 7 = -h + 35. Calculate the greatest common divisor of h and i.
14
Let h be (16/(-6))/(8/(-12)). What is the highest common divisor of 16 and h?
4
Let z = 205 - 115. Calculate the greatest common divisor of 45 and z.
45
Let f be (-18)/(-4)*(-60)/(-10). Let h be f/(6/(-4) - -3). What is the greatest common factor of h and 27?
9
Suppose -z = 3*z - 32. Let a be 2*(-136)/(-12)*3. Suppose 3*p + p + 2*h = a, 2 = h. Calculate the greatest common divisor of z and p.
8
Let w = 1 + 27. Calculate the highest common divisor of 308 and w.
28
Let m be ((-2)/(-4))/((-3)/(-978)). Let f = -83 + m. Suppose -5*r - 3*o = -74, -5*r - 4*o + 80 = 8. What is the greatest common factor of f and r?
16
Suppose 3*u + 2 = -d, 0*u = -4*u - 3*d - 11. Let w be (1 - 4/u) + 0. Let f = 4 + w. What is the highest common factor of 2 and f?
1
Let k(x) = 2 - x**2 - 2*x + 2*x - 6*x. Suppose 3*b + 48 = -5*b. Let w be k(b). Calculate the greatest common divisor of w and 6.
2
Suppose -a + 75 = 5*k - 0*a, 4*a + 75 = 5*k. Suppose 2*p - 45 = -3*d, -3*d - 2*d - 3*p = -75. Calculate the highest common divisor of d and k.
15
Suppose -4*a - 2*u = -4*u - 128, 6 = 3*u. Suppose 31*g - a*g + 42 = 0. What is the highest common factor of 3 and g?
3
Let b be 66*((-29)/(-3) - -2). Suppose 4*j = -j + b. Let q = 33 - 11. Calculate the highest common divisor of j and q.
22
Let z(q) = 0 - 2 + 6*q - 9. Let i be z(11). Calculate the greatest common factor of i and 22.
11
Let h(a) = -a**2 + 7*a - 4. Let f be h(5). Suppose -2*c + d = 0, 6*c - d + f = c. Let v be (-30)/c*(1 + 0). Calculate the greatest common divisor of 10 and v.
5
Suppose 0 = 5*t + l + 101, 7 = -t - 4*l - 17. Let d be (-248)/t - 4/10. Let p be (48/2)/(4/14). What is the highest common divisor of p and d?
12
Let q = 434 + -204. What is the greatest common factor of 46 and q?
46
Suppose 2*t + 2*t - 12 = 0. Let u be 45*6/(-27)*t. Let z be 1*(-1)/(3/u). Calculate the highest common divisor of 70 and z.
10
Suppose -186 - 70 = -16*w. What is the highest common factor of w and 24?
8
Let w(d) = -d**3 - 7*d**2 - 6*d + 3. Let n be w(-6). Calculate the greatest common factor of 5 and n.
1
Let x(u) = u**3 - 9*u**2 + 3*u - 11. Let v be x(9). What is the highest common divisor of v